 209*h**2 + 1232*h + 65. Let c be v(-6). Let z(f) be the first derivative of -f**2 - 33*f - 1. Determine z(c).
5
Let b(o) be the first derivative of -4*o**2 - 2*o - 38 - 1/3*o**3. What is b(-4)?
14
Let f(z) = -23*z**3 - 8*z + 1. Let h(d) = 20*d**3 + 6*d + 1. Let m(c) = 6*f(c) + 7*h(c). What is m(2)?
17
Let d(l) = l**3 + l**2 - 5*l. Let b(w) = -5*w**3 + 18*w + 3. Let u(t) = -b(t) - 4*d(t). Determine u(2).
-7
Let m(p) = p**3 + 7*p**2 + 8*p + 10. Let r(h) be the second derivative of 3*h**4/4 + 23*h**3/3 - h**2/2 + 256*h. Let y be r(-5). Determine m(y).
-2
Let b(h) = -11*h - 9. Let s be b(-1). Let c(g) = -g**3 - 2*g + 4 - 7 - 7*g**2 + g + s*g - 2*g. What is c(-6)?
-33
Let x(n) be the second derivative of 0 + 19/2*n**2 - 56*n + 1/3*n**3. Determine x(-9).
1
Let v = 192 + -98. Suppose 2 = -8*l - v. Let c(p) = 2*p + 24. Calculate c(l).
0
Let r be (-12)/((6/4)/(-1)). Suppose -19 = -r*t + 53. Let l(w) = -3*w + 4*w**2 + 4*w**2 - t*w**2 + 2*w. Determine l(0).
0
Suppose -13*y = -9*y - 4. Suppose 2*z - d = -1, 4*d = y + 3. Suppose -m + 4*b + 12 = z, -m - 3*b - 2*b = 6. Let c(r) = r**3 - 4*r**2 - 4*r + 1. Give c(m).
-15
Let u be (-168)/(-308) + 27/11. Let n(o) = -o**3 + 7*o**2 + 8*o + 3. Let l(x) = x**3 - 6*x**2 - 7*x - 3. Let m(j) = -5*l(j) - 4*n(j). Determine m(u).
3
Let t(p) = -2*p**3 - 2 - 6*p - 4*p**2 + 10*p + 7*p**3 - p**3. Determine t(2).
22
Let c(v) = v**2 + 6*v - 9. Suppose -4 = -2*p + p + l, 13 = 4*p - l. Suppose 19 = -3*o + m, 0 = -5*o - 2*m + p*m - 33. Calculate c(o).
-2
Let h(u) be the first derivative of u**3/3 - 5*u**2/2 + 3*u - 5. Let a be 2/(-6)*3 - 4. Let r be a/25 - 16/(-5). Calculate h(r).
-3
Let y(a) = 0*a - 1 + 8 - 8*a - 8*a + 13*a. Calculate y(8).
-17
Let c(d) be the second derivative of d**5/20 + 2*d**4/3 + d**3/6 + 4461*d. Give c(-6).
66
Let v(z) = 2*z. Suppose d - 3 = -18. Let a be -3 + d*1/(-3). Suppose -4*u - 3*t = 4, -a*u + t + 6 = -2. Give v(u).
4
Let w = -327 - -329. Let c(o) = -o - 5*o**3 + 1 + w*o**3 + 4*o**3 - 6*o**2. What is c(6)?
-5
Let v(j) = 13*j**3 - 8*j**2 - 3*j + 46. Let x(p) = 16*p**3 - 8*p**2 - 3*p + 49. Let i(b) = -5*v(b) + 4*x(b). Give i(8).
-10
Let w = 1076 + -1080. Let z(s) be the third derivative of 1/4*s**4 + 0 + 0*s + s**2 + s**3. Determine z(w).
-18
Let w(c) = 6*c**2 + c + 4. Let u(x) = -x - 2. Let v(r) = -2*u(r) - w(r). Let p = 2 + -3. Give v(p).
-7
Let n(g) = -4*g**3 - 6*g**2 - 5*g + 8. Let z(w) = w**3 + w**2 + w - 1. Let y(t) = n(t) + 6*z(t). Suppose -12 = 4*f, -4 = 5*x - 7*f + 5*f. Calculate y(x).
-16
Suppose -4*z = 205*n - 203*n + 16, -2*z - 32 = 5*n. Let s(w) = w**3 + 7*w**2 - w - 5. Determine s(n).
37
Let x(p) = 6 + p**2 - 31*p + 120*p - 37*p - 31*p - 40*p. Give x(4).
-54
Let w(z) = 4*z**2 + z - 8. Let o(n) = 23*n + 113. Let d be o(-5). Let i be w(d). Let k(c) = 1 - c**2 - 1 + 5*c + 3. Calculate k(i).
-3
Let n(c) = -48*c**3 + 1 - 30*c**3 + 1 + 77*c**3 + c**2. Let j be n(0). Let p(k) be the first derivative of 2*k**3/3 - 2*k**2 + 3*k + 1. Give p(j).
3
Let d(v) = -11*v - 2. Let w(y) = 25*y + 5. Let n(f) = 9*d(f) + 4*w(f). Suppose 21*o + 24 = 19*o. Let s be -13 - -13 - o/(-2). Determine n(s).
-4
Suppose -178 = 5*a + 4*l - 181, -a + l = -6. Let z(j) = -j**2 - 3*j + 5. Give z(a).
-13
Let y(u) = -45*u + 21. Let k(l) = 45*l - 31. Let a(r) = -2*k(r) - 3*y(r). Calculate a(-2).
-91
Let b(h) = h - 8. Let m(l) = -28*l + 26. Let x(q) = -9*b(q) + m(q). Give x(3).
-13
Let m(l) = l**2 + 100*l + 199. Let a be m(-2). Let t(w) = -w**2 - 4*w + 7. Determine t(a).
-14
Let s(i) = 30*i**3 - 27*i**2 - 19*i + 13. Let o(f) = 13*f**3 - 13*f**2 - 10*f + 6. Let g(q) = -7*o(q) + 3*s(q). Give g(11).
19
Let c(v) = -22*v - 112. Let g be c(-15). Let b = 214 - g. Let k(p) = p**2 + p - 2. Calculate k(b).
10
Let q(i) = i - 10. Suppose 5*s + 1 = 26. Suppose 3*u + s*h + 86 = -0*h, 3*u = 5*h - 76. Let n = -27 - u. Determine q(n).
-10
Let p be 3*((-640)/(-6))/10. Let x(z) = -p*z + z**3 - 2*z + 35*z - 2*z**2. What is x(3)?
12
Suppose 3*u - u - 4 = 0. Let l be (42/49)/(u/(112/6)). Let s(b) = -b**2 + 8*b - 4. What is s(l)?
-4
Let d(w) = 225*w + 26. Let a(y) = -160*y - 17. Let x(z) = 7*a(z) + 5*d(z). Determine x(-5).
-14
Let q(z) = 28 + 13 + 8*z - z**2 - 48 + 4*z + 3. Suppose -4*w + w = 2*f - 32, 2*w + 12 = 2*f. Give q(f).
16
Let k(o) = 3*o - 61. Let f be k(27). Let y = 45 - 22. Suppose -f*g + 9 = -y*g. Let w(v) = -2*v + 1. Determine w(g).
7
Let m(t) be the second derivative of -t**5/10 + t**4/6 + 2*t**3/3 - 5*t**2/2 + t. Suppose -7*p - 2082 + 2117 = 3*u, -5*u + 35 = 0. Determine m(p).
-5
Suppose p = -p + 82. Suppose -4 = -5*i + p. Suppose 0 = 3*w + 2*k - i - 0, k - 17 = -4*w. Let y(r) = r**2 - 5*r - 3. Calculate y(w).
-3
Let b(m) = 2*m**3 - 4*m**2 + 6*m - 4. Let a be b(2). Suppose a*h = 75 + 309. Let z be h/14 - 12/(-21). Let w(c) = -2*c**2 + 5*c + 3. Calculate w(z).
-9
Let s(n) be the second derivative of n**3/6 - 5*n**2 + 9*n. Suppose 3*u - 7*u - 40 = 0. Determine s(u).
-20
Suppose 6*t - 300 = -4*q, 5*t - 2*q - 146 - 120 = 0. Let f(l) = -l**3 + 54*l**2 - 102*l - 101. What is f(t)?
3
Let m(q) = -q**3 + 25*q**2 + 54*q - 20. Suppose 641 - 467 - 2469 = -85*s. Give m(s).
-20
Let w(x) = -6*x**3 + 4*x**2 - x + 7. Let k(c) = c**2 - 59*c + 531. Let r be k(11). Give w(r).
-122
Let f(z) = -251*z - 4 + 3 - 254*z + 507*z. What is f(-5)?
-11
Let b(u) = -10*u**2 + u - 9*u - 5 + 11*u**2 - 9 - 2*u**2. Calculate b(-8).
-14
Let i be 7/2 - 21/14. Let t(x) = 28*x + 7. Let d(z) = -6*z - 1. Let l(g) = -4*d(g) - t(g). What is l(i)?
-11
Let m(n) = 32*n**3 - 17*n**2 - 6*n + 27. Let g(d) = -18*d**3 + 8*d**2 + 3*d - 13. Let q(y) = 9*g(y) + 5*m(y). Calculate q(-6).
0
Let v(i) = -33*i - 24. Let j(p) = 70*p + 51. Let y(k) = 6*j(k) + 13*v(k). Determine y(-2).
12
Let n(g) = g**3 + 8*g**2 + 2*g + 6. Suppose -3*r + 3*k = -5*r + 62, 0 = -3*r - 5*k + 95. Suppose -r = 3*l - 49. Let c be l/(12/(-3) + 3). Determine n(c).
-10
Let t be -6 + 10 - 20/6. Let l(k) be the first derivative of t*k**3 + 0*k + 0*k**2 + 1/4*k**4 - 5. Determine l(-2).
0
Let o = 475 + -473. Suppose 6*g = -o*g + 16. Let z(k) = -2*k + 1. Give z(g).
-3
Suppose -175*l = 94*l + 269. Suppose 4*n + n = 15. Let i(p) = 3*p**3 - n + 0*p**3 + 2. Calculate i(l).
-4
Let k(r) be the first derivative of r**4/4 - 8*r**3/3 + 5*r**2/2 + 5098. Calculate k(7).
-14
Let t = -75 - -100. Let b = t + -15. Let u be (-1*4)/(b/15). Let q(k) = -k**3 - 7*k**2 - 7*k + 6. Determine q(u).
12
Let r(v) = -50*v - 10. Let x(l) = 112*l + 19. Let n(b) = 7*r(b) + 3*x(b). Calculate n(-1).
1
Let u(f) = -f. Suppose 30 - 14 = 8*y. Suppose 0 = -4*r - 0*r + 3*c - 28, -24 = y*r - 4*c. Determine u(r).
4
Let g(h) = 9*h**2 - 391 + h**3 - h + 662 - 167. Determine g(-10).
14
Let z(q) be the second derivative of -1/20*q**5 - 7/12*q**4 - 1/2*q**3 - 3*q - 2*q**2 + 0. Let m(f) = f**2 - 22*f - 175. Let d be m(28). Give z(d).
17
Let l(n) be the first derivative of -n**5/60 + 3*n**4/8 + 7*n**3/3 - 37*n**2/2 + 52. Let k(p) be the second derivative of l(p). Determine k(10).
4
Suppose -2*y = -7*y + 10. Let z(d) be the third derivative of 13*d**4/24 - d**3/6 + 2*d**2 - 15*d + 1199. What is z(y)?
25
Let j(w) = -w**3 + w. Let u(c) = -2*c**3 + 6*c. Suppose 0 = 4*i + 3*f + 35, -3*i - 20 = -i + 2*f. Let a(v) = i*j(v) + u(v). Calculate a(1).
4
Suppose -5*c + 225 = 5*n, 0 = -3*c + 4*n + 86 + 56. Let h(b) = 2*b**2 - 94*b + 85. Calculate h(c).
-7
Let l(s) be the second derivative of -3*s**5/20 - 11*s**4/6 - s**3 + 11*s**2/2 + 15282*s. What is l(-7)?
4
Let s(x) = -15*x - 57. Let f(k) = -2*k**3 + 62*k**2 + 59*k + 156. Let p be f(32). Determine s(p).
3
Let z(i) = 75*i - 2111. Let b be z(28). Let a(m) = -m**3 - 11*m**2 + 8*m - 13. What is a(b)?
-101
Suppose -2*c + 164 = -4*u, 15*c - 4*u = 16*c - 64. Suppose -p - c = -90. Let f(r) = -r**3 + 14*r**2 - r + 17. Determine f(p).
3
Let q(s) = -s**3 - 6*s**2 + 13*s + 48. Let i be q(-7). Let m(a) = -10*a + 20. Let h(w) = -8*w + 19. Let b(f) = i*h(f) - 5*m(f). Calculate b(-4).
6
Let p(q) be the third derivative of -q**4/8 - 3*q**3/2 - 2*q**2 + 1445*q. Calculate p(4).
-21
Let x = -16 - -11. Let c(k) = 13*k**3 + 9*k**2 - 120*k - 12. Let m(b) = 4*b**3 + 3*b**2 - 37*b - 3. Let q(g) = -3*c(g) + 10*m(g). What is q(x)?
6
Let k(q) = 22 + 11430*q + 54 - 7 - 11431*q. What is k(68)?
1
Let r(f) = 28*f**3 - 2*f - 2. Suppose -2*g + 39*i - 37*i - 6 = 0, 4*g